5 = x*w + 4*h. Suppose 4*y - w = d - 20, -y = -2*d - 14. What is the units digit of y?
6
Suppose 3*y - 3*t = 63, -3*y - 3*t + 63 = 2*t. What is the tens digit of y?
2
Suppose -4*n = n - 475. What is the units digit of n?
5
Suppose -5*u - 2 = -27. Suppose -2 = -2*s - u*v + 16, -s = -v - 16. What is the tens digit of s?
1
Suppose 2*y - 7 = -5*i, 17 = -i - y - 4*y. Suppose 4*m - 36 = -x, -i*x - 4 = -2*m - 0*x. Let k = 15 - m. What is the units digit of k?
7
Let l be 5/(45/42)*3. Suppose l = 2*u - u. What is the tens digit of u?
1
Let d = 8 + -3. Let q(c) = -4*c + 5. Let s(r) = -3*r + 4. Let n(f) = d*q(f) - 6*s(f). What is the tens digit of n(-5)?
1
Let q = 6 + -4. What is the units digit of -1 - -2 - (-7 - q)?
0
Let l(m) = -m**3 + 6*m**2 + 11*m - 5. Let u be l(7). Let n = u + 0. What is the units digit of n?
3
Let n(g) = -g**3 + 2*g**2 + 3*g. Let i be n(-2). Suppose -3*u + i = 4. What is the units digit of u?
2
Suppose 0 = -2*h + 112 + 78. What is the units digit of h?
5
Suppose -g + 6 = 4*m, 3*g - 2*m = -0*m - 10. Let y = g - -5. Suppose 2 = y*w - 10. What is the units digit of w?
4
Suppose 4*m + 4*p + p + 5 = 0, -2*m - 4*p = 4. Suppose m = 3*v - v. Suppose v*u - 28 = -4*u + 3*b, 2*u - 14 = -2*b. What is the units digit of u?
7
Suppose 888 = -37*d + 41*d. What is the units digit of d?
2
Let q = 4 - 7. Let c(v) = -v**3 - v**2 + 3*v - 2. Let z be c(q). Suppose z*f = 2*f + 30. What is the units digit of f?
6
Suppose 46 = 5*d - 54. What is the units digit of d?
0
Let t(r) be the third derivative of r**5/60 + r**4/6 - 3*r**3/2 - r**2. What is the tens digit of t(-7)?
1
Let v = 6 + 15. Let c = v + -5. What is the units digit of c?
6
Suppose 6*l - 69 = -5*s + 2*l, 3*l = -3*s + 39. Let d = s - 2. What is the units digit of d?
5
Suppose 0*b - 3*b = 0. Suppose b = 2*y - 3*y - 5. Let h = 16 + y. What is the tens digit of h?
1
Let o(t) be the first derivative of -t**2 - 6*t + 3. Suppose 2*v + 3*d = -3, 4*d = 3*v + 26 + 4. What is the units digit of o(v)?
6
Let m = -19 + 37. Suppose x + 75 = 4*x + r, 2*x = -2*r + 50. Let c = x - m. What is the units digit of c?
7
What is the hundreds digit of (52/(-4))/((-1)/13)?
1
Let q(g) = 10*g**2 + 2*g - 7. What is the tens digit of q(3)?
8
Suppose g - 95 + 20 = 0. What is the units digit of g?
5
Suppose -5*z + 4*i + 21 = 0, -3*z = -4*z + 5*i. Suppose z*w + 18 = 6*w. What is the tens digit of w?
1
Suppose 0 = -3*f - 2*q + 61, 3*f - 5*q - 22 = 46. What is the tens digit of f?
2
Suppose c + s - 12 = 0, 4*s + 40 = 6*c - 2*c. What is the units digit of c?
1
Let n(b) = 2*b**2 + 4*b - 3. Let t be 152/(-36) + (-4)/(-18). What is the units digit of n(t)?
3
Suppose 2*w + 5 + 17 = 0. Let l = -1 + w. Let g = 17 + l. What is the units digit of g?
5
Suppose 0 = -7*k + 4*k - 21. Let d = k - -12. Let a(t) = t - 4. What is the units digit of a(d)?
1
Suppose 4 - 3 = -3*z - 4*k, -z - 27 = -4*k. Suppose 0 = -v - 5*j - 1 - 7, -12 = 3*v + 3*j. What is the units digit of z*((-2)/(-1) + v)?
7
Let v(r) = -r**3 + 8*r**2 + 9*r - 1. Let c be v(9). Let p be (-18)/(-6) - (-4)/c. What is the units digit of p*-6*(-3)/(-2)?
9
Suppose -v + 0 = 3*s + 3, -3*v - 5*s = -3. Suppose 5*x + 4*j - 78 = 0, j - v + 18 = x. What is the units digit of x?
4
Suppose -4 = -2*y + 2. Suppose -y*k + 149 = 26. What is the tens digit of k?
4
Suppose -2*q = 1 + 3. What is the units digit of (-1 - 2*-6) + q?
9
Suppose 134 = y + 2*z, -y = -0*z + 5*z - 122. What is the hundreds digit of y?
1
Suppose -6 + 3 = -r. Let h(d) = -d**2 + 10*d - 6. Let w(u) = -u**2 + 9*u - 5. Let l(y) = -6*h(y) + 7*w(y). What is the units digit of l(r)?
1
Let c = 25 - -38. What is the units digit of c?
3
Suppose -3*d - 4*t + 372 = 0, 0*t + 588 = 5*d - 4*t. What is the hundreds digit of d?
1
Let c be 7 + -7 + 9/1. What is the units digit of ((-2)/(-4))/(c/162)?
9
Let m(j) = j + 8. Let w be m(-8). Let y be (-1 + w)/((-6)/(-36)). What is the tens digit of 13 + 0*2/y?
1
Let g(l) = -l**3 - 8*l**2 - 10*l + 3. Let n be g(-7). Let t = -9 + 13. Suppose 5*v + t = n. What is the units digit of v?
4
Suppose 0*k - 2*k - 4*t = -4, -t = 2*k - 4. Suppose -2*z = -4*q + k*q - 4, 2*q - z = 1. What is the units digit of q?
3
Suppose 0 = 2*u - 4*r - 3 - 5, 0 = r + 1. Suppose 0 = l - 42 - 2. Suppose 0 = -5*j + u*z + 64, -5*j - 2*z + l = -j. What is the units digit of j?
2
Let f(r) = -r**3 - 3*r**2 - r - 2. What is the tens digit of f(-4)?
1
Let a(i) = 3*i**3 - 5*i**2 - 8*i - 16. What is the tens digit of a(5)?
9
Let r be 2*1/((-2)/(-3)). Let o = r - 3. Suppose 0 = -o*l + 3*l - 30. What is the units digit of l?
0
Suppose 0 = 4*k - 12. Suppose k*t - 32 = -t. What is the units digit of t?
8
Let c = 4 - 24. Let d = c + 56. What is the tens digit of d?
3
Suppose -3*x + y = -1 - 4, -3*x = y - 7. What is the units digit of x?
2
Suppose -2*w - 3*o + 27 = 0, -3*w - o - 1 + 45 = 0. What is the tens digit of w?
1
Suppose 3*u + 2*m = -4 + 3, -4*m = 3*u + 11. Suppose -o + u = 2. What is the units digit of o?
1
Let w = -1 - -23. What is the tens digit of w?
2
Suppose 5*k + 0*k - 4*g = 0, 0 = -5*k - 3*g. Suppose k - 4 = -2*j. What is the units digit of (0 - (0 + j))/(-2)?
1
Let f = 10 + -6. What is the units digit of f?
4
What is the tens digit of (65 - -7) + 0/(-2)?
7
Let a = 2 + -1. What is the units digit of (a/2)/((-7)/(-98))?
7
Let w = 407 + -225. What is the units digit of w?
2
Let o = 72 + -17. Suppose -3*f + 7*i = 2*i - o, 4*f - 2*i - 50 = 0. What is the units digit of f?
0
Let a = 16 + -20. What is the units digit of ((-2)/a)/((-8)/(-272))?
7
Let i(y) = 13*y**2 + 5*y - 6. What is the units digit of i(2)?
6
Suppose -5*r - 16 = -1. What is the units digit of ((-6)/r - -1) + -2?
1
Let u(w) be the third derivative of -w**6/120 + 7*w**5/60 - w**4/6 - 4*w**3/3 + 3*w**2. What is the units digit of u(6)?
4
Suppose -5*j + 58 = -177. What is the tens digit of j?
4
Let p(m) = m**3 + 2*m**2 - m. Let a be p(-2). Suppose -a*z + 6*z + 3*n = -7, 2*n + 18 = 4*z. Suppose -5*d + z = -8. What is the units digit of d?
2
Suppose -333 - 11 = -4*a. What is the units digit of a?
6
Let o = 16 + -10. Suppose -o*g - 2*h + 74 = -4*g, -3*h = -4*g + 183. What is the tens digit of -18*(-4)/g*7?
1
Let h(c) = -27*c - 1. Let u be h(-3). Suppose 100 = 5*z + 5*y, -5*z - y + 36 = -u. Suppose 0 = -5*n + 3*n + z. What is the tens digit of n?
1
Suppose -3*k = -3*r - 54, -5*r + 65 = k + 23. What is the tens digit of k?
2
Suppose 3*q - 36 = 2*q + 3*o, -20 = -5*o. What is the units digit of q?
8
Let y(m) = -m + 2. Let o be 1/((-3)/(2 + 4)). Let t be y(o). Suppose 0*v - 12 = -t*v. What is the units digit of v?
3
Suppose 6*n - 2*n + 16 = 0. Let u be (-22)/n + (-2)/(-4). Let v = u + -5. What is the units digit of v?
1
Let g be -1*0/(2 + 2). Suppose g = -o + 4*o - 153. What is the tens digit of o?
5
Let b(d) = d**3 + 4*d**2 - d - 3. What is the units digit of b(-4)?
1
Suppose 5 = f + 13. Let l = f + 9. What is the units digit of l?
1
What is the hundreds digit of 4 + -3 + -10*(-1 + -9)?
1
Let x be 2/(-9) + 29/9. Suppose -2*z = x*z. Suppose z*h + 4*h = 4*g - 32, 0 = g + 5*h + 16. What is the units digit of g?
4
Let q = 10 - 7. Let t = q + -2. What is the units digit of t?
1
Suppose -3*g - 15 = -5*a, -3 = -0*a - a - 3*g. Suppose -3*k = -4*d - 25, -k = a*d + 3*k. What is the units digit of (-16)/(-2)*(-2)/d?
4
Suppose -5*v + 4*l = 3*l - 110, 54 = 3*v - 3*l. What is the tens digit of v?
2
Let d(y) = -7*y - 2. Let m(u) = -168*u - 49. Let w(j) = 49*d(j) - 2*m(j). What is the units digit of w(-1)?
7
Suppose 0 = -q - 3*n + 62, 150 = 3*q - n - 2*n. What is the tens digit of q?
5
Let p be 1/(-3) + (-109)/(-3). Suppose 4*n - p = -0. What is the units digit of n?
9
Suppose 2*q - 2 = 5*u, -3*u - 10 = -2*q - 2*u. What is the tens digit of 4/(-8) - (-111)/q?
1
Suppose -w + 0 = -4. What is the units digit of (w + -2)/((-6)/(-57))?
9
Suppose -3*q + 80 = -q. What is the tens digit of q?
4
Let v be (3/1)/((-3)/8). Let l be (v/3)/(-4)*-6. Let h = l + 7. What is the units digit of h?
3
Let j(i) be the third derivative of i**4/12 + 5*i**3/6 + 2*i**2. What is the units digit of j(6)?
7
Let v(d) = -4*d + 2. Let b be v(4). What is the units digit of (-6)/14 + (-104)/b?
7
Suppose -8*d + 4265 = 1393. What is the tens digit of d?
5
Let t = -6 - -11. Suppose -3*h = t*s - 6, -4*h - 2*s + 6*s = 24. Let